{"id":405,"date":"2023-07-26T23:21:55","date_gmt":"2023-07-27T02:21:55","guid":{"rendered":"https:\/\/comunicacaoclinica.com\/?page_id=405"},"modified":"2024-05-11T18:06:53","modified_gmt":"2024-05-11T21:06:53","slug":"contato","status":"publish","type":"page","link":"https:\/\/comunicacaoclinica.com\/index.php\/contato\/","title":{"rendered":"Contato"},"content":{"rendered":"\t\t<div data-elementor-type=\"wp-page\" data-elementor-id=\"405\" class=\"elementor elementor-405\" data-elementor-post-type=\"page\">\n\t\t\t\t<div class=\"elementor-element elementor-element-a6d0d1a e-flex e-con-boxed wpr-particle-no wpr-jarallax-no wpr-parallax-no wpr-sticky-section-no wpr-equal-height-no e-con e-parent\" data-id=\"a6d0d1a\" data-element_type=\"container\" data-e-type=\"container\">\n\t\t\t\t\t<div class=\"e-con-inner\">\n\t\t<div class=\"elementor-element elementor-element-3ba2f81 e-flex e-con-boxed wpr-particle-no wpr-jarallax-no wpr-parallax-no wpr-sticky-section-no wpr-equal-height-no e-con e-child\" data-id=\"3ba2f81\" data-element_type=\"container\" data-e-type=\"container\">\n\t\t\t\t\t<div class=\"e-con-inner\">\n\t\t\t\t<div class=\"elementor-element elementor-element-0bbf9e4 elementor-widget elementor-widget-image\" data-id=\"0bbf9e4\" data-element_type=\"widget\" data-e-type=\"widget\" data-widget_type=\"image.default\">\n\t\t\t\t<div class=\"elementor-widget-container\">\n\t\t\t\t\t\t\t\t\t\t\t\t\t\t\t\t<a href=\"https:\/\/comunicacaoclinica.com\/\">\n\t\t\t\t\t\t\t<img fetchpriority=\"high\" decoding=\"async\" width=\"800\" height=\"271\" src=\"https:\/\/comunicacaoclinica.com\/wp-content\/uploads\/2023\/07\/COMUNICACAO-1-1024x347.png\" class=\"attachment-large size-large wp-image-246\" alt=\"\" srcset=\"https:\/\/comunicacaoclinica.com\/wp-content\/uploads\/2023\/07\/COMUNICACAO-1-1024x347.png 1024w, https:\/\/comunicacaoclinica.com\/wp-content\/uploads\/2023\/07\/COMUNICACAO-1-300x102.png 300w, https:\/\/comunicacaoclinica.com\/wp-content\/uploads\/2023\/07\/COMUNICACAO-1-768x260.png 768w, https:\/\/comunicacaoclinica.com\/wp-content\/uploads\/2023\/07\/COMUNICACAO-1-1536x520.png 1536w, https:\/\/comunicacaoclinica.com\/wp-content\/uploads\/2023\/07\/COMUNICACAO-1.png 1920w\" sizes=\"(max-width: 800px) 100vw, 800px\" \/>\t\t\t\t\t\t\t\t<\/a>\n\t\t\t\t\t\t\t\t\t\t\t\t\t\t\t<\/div>\n\t\t\t\t<\/div>\n\t\t\t\t\t<\/div>\n\t\t\t\t<\/div>\n\t\t\t\t\t<\/div>\n\t\t\t\t<\/div>\n\t\t<div class=\"elementor-element elementor-element-95025ca e-flex e-con-boxed wpr-particle-no wpr-jarallax-no wpr-parallax-no wpr-sticky-section-no wpr-equal-height-no e-con e-parent\" data-id=\"95025ca\" data-element_type=\"container\" data-e-type=\"container\" data-settings=\"{&quot;background_background&quot;:&quot;classic&quot;}\">\n\t\t\t\t\t<div class=\"e-con-inner\">\n\t\t\t\t<div class=\"elementor-element elementor-element-d138038 elementor-absolute elementor-hidden-tablet elementor-hidden-mobile elementor-widget elementor-widget-image\" data-id=\"d138038\" data-element_type=\"widget\" data-e-type=\"widget\" data-settings=\"{&quot;_position&quot;:&quot;absolute&quot;}\" data-widget_type=\"image.default\">\n\t\t\t\t<div class=\"elementor-widget-container\">\n\t\t\t\t\t\t\t\t\t\t\t\t\t\t\t<img decoding=\"async\" width=\"300\" height=\"300\" src=\"https:\/\/comunicacaoclinica.com\/wp-content\/uploads\/2023\/07\/Design_sem_nome__3_-removebg-preview.png\" class=\"attachment-large size-large wp-image-277\" alt=\"\" srcset=\"https:\/\/comunicacaoclinica.com\/wp-content\/uploads\/2023\/07\/Design_sem_nome__3_-removebg-preview.png 300w, https:\/\/comunicacaoclinica.com\/wp-content\/uploads\/2023\/07\/Design_sem_nome__3_-removebg-preview-150x150.png 150w\" sizes=\"(max-width: 300px) 100vw, 300px\" \/>\t\t\t\t\t\t\t\t\t\t\t\t\t\t\t<\/div>\n\t\t\t\t<\/div>\n\t\t\t\t<div class=\"elementor-element elementor-element-b2e0800 elementor-widget__width-initial elementor-widget elementor-widget-heading\" data-id=\"b2e0800\" data-element_type=\"widget\" data-e-type=\"widget\" data-widget_type=\"heading.default\">\n\t\t\t\t<div class=\"elementor-widget-container\">\n\t\t\t\t\t<h2 class=\"elementor-heading-title elementor-size-default\">Para mais informa\u00e7\u00f5es, preencha o formul\u00e1rio<\/h2>\t\t\t\t<\/div>\n\t\t\t\t<\/div>\n\t\t\t\t\t<\/div>\n\t\t\t\t<\/div>\n\t\t\t\t<\/div>\n\t\t","protected":false},"excerpt":{"rendered":"<p>Para mais informa\u00e7\u00f5es, preencha o formul\u00e1rio Nome Telefone Email AssuntoD\u00favidasSugest\u00f5esConsultoria e Cursos Personalizados Mensagem<\/p>\n","protected":false},"author":1,"featured_media":0,"parent":0,"menu_order":0,"comment_status":"closed","ping_status":"closed","template":"elementor_canvas","meta":{"footnotes":""},"class_list":["post-405","page","type-page","status-publish","hentry"],"_links":{"self":[{"href":"https:\/\/comunicacaoclinica.com\/index.php\/wp-json\/wp\/v2\/pages\/405"}],"collection":[{"href":"https:\/\/comunicacaoclinica.com\/index.php\/wp-json\/wp\/v2\/pages"}],"about":[{"href":"https:\/\/comunicacaoclinica.com\/index.php\/wp-json\/wp\/v2\/types\/page"}],"author":[{"embeddable":true,"href":"https:\/\/comunicacaoclinica.com\/index.php\/wp-json\/wp\/v2\/users\/1"}],"replies":[{"embeddable":true,"href":"https:\/\/comunicacaoclinica.com\/index.php\/wp-json\/wp\/v2\/comments?post=405"}],"version-history":[{"count":38,"href":"https:\/\/comunicacaoclinica.com\/index.php\/wp-json\/wp\/v2\/pages\/405\/revisions"}],"predecessor-version":[{"id":473,"href":"https:\/\/comunicacaoclinica.com\/index.php\/wp-json\/wp\/v2\/pages\/405\/revisions\/473"}],"wp:attachment":[{"href":"https:\/\/comunicacaoclinica.com\/index.php\/wp-json\/wp\/v2\/media?parent=405"}],"curies":[{"name":"wp","href":"https:\/\/api.w.org\/{rel}","templated":true}]}}